{"id":136,"date":"2025-12-13T17:04:32","date_gmt":"2025-12-13T17:04:32","guid":{"rendered":"https:\/\/clinique-de-la-machine-a-coudre.fr\/?post_type=product&#038;p=136"},"modified":"2025-12-13T17:50:30","modified_gmt":"2025-12-13T17:50:30","slug":"brother-innovis-880e","status":"publish","type":"product","link":"https:\/\/clinique-de-la-machine-a-coudre.fr\/index.php\/produit\/brother-innovis-880e\/","title":{"rendered":"Brother Innovis 880E"},"content":{"rendered":"<p>La\u00a0<strong>Brother Innovis 870SE devient la Brother Innovis 880E<\/strong>\u00a0pour toujours plus d&rsquo;innovation !<\/p>\n<p>La machine \u00e0 broder Brother Innov-is 880E est l&rsquo;une des machines les plus intuitives du march\u00e9.<\/p>\n<p>Id\u00e9ale pour passer au niveau sup\u00e9rieur en broderie, la machine \u00e0 broder Innov-is NV880E est dot\u00e9e d\u2019une multitude de fonctions conviviales :<\/p>\n<p>\u25ba\u00a0<strong>Plus de temps pour cr\u00e9er<\/strong>\u00a0: gr\u00e2ce au syst\u00e8me d\u2019enfilage de l\u2019aiguille et \u00e0 la mise en place rapide de la canette horizontale, consacrez plus de temps \u00e0 la cr\u00e9ation.<br \/>\n\u25ba\u00a0<strong>Jamais \u00e0 court de fils<\/strong>\u00a0: les capteurs automatiques des fils sup\u00e9rieur et inf\u00e9rieur vous \u00e9vitent de manquer de fil en cours de r\u00e9alisation.<br \/>\n\u25ba\u00a0<strong>Facilit\u00e9 de navigation<\/strong>\u00a0: g\u00e9rez facilement votre projet sur le grand \u00e9cran tactile couleur LCD de\u00a0<strong>12,5 cm.<br \/>\n<\/strong><strong>\u25ba<\/strong>\u00a0Abaissement automatique du pied de biche<br \/>\n\u25ba R\u00e9glage automatique de la hauteur du pied de biche<br \/>\n\u25ba Pointeur\u00a0<strong>LED<\/strong>\u00a0int\u00e9gr\u00e9 pour un positionnement plus facile de la broderie<br \/>\n\u25ba\u00a0<strong>Restez connect\u00e9(e)<\/strong>\u00a0: gr\u00e2ce \u00e0 la connectivit\u00e9 sans fil\u00a0<strong>WLAN,<\/strong>\u00a0votre machine continuera \u00e0 \u00e9voluer au fil des innovations de Brother et \u00e0 transf\u00e9rer des motifs directement de votre ordinateur, avec l\u2019application gratuite\u00a0<strong>Data base transfert<\/strong>\u00a0(compatible uniquement avec Windows).<br \/>\n\u25ba<strong>Port USB\u00a0<\/strong>pour continuer \u00e0 utiliser vos cl\u00e9s USB<br \/>\n\u25ba\u00a0<strong>Apprendre sans cesse<\/strong>\u00a0: les tutoriels int\u00e9gr\u00e9s et la fonction d\u2019aide vous permettent d\u2019avoir une aide toujours \u00e0 vos c\u00f4t\u00e9s vers laquelle se tourner.<br \/>\n\u25ba Compatibilit\u00e9 avec le cadre de broderie magn\u00e9tique\u00a0<strong>MF180 (en option)<\/strong><\/p>\n<p>Avec toutes ces fonctions, la machine \u00e0 broder Brother Innov-is 880 est une machine qui donnera pleine satisfaction aux personnes qui recherchent une brodeuse performante et simple d&rsquo;utilisation \u00e0 un prix raisonnable.<\/p>\n<p>Caract\u00e9ristiques :<\/p>\n<ul class=\"tick-list\">\n<li>\u00c9cran tactile couleur\u00a0<strong>LCD de 12,5 cm<\/strong><\/li>\n<li>Champ de broderie de\u00a0<strong>260 x 160 mm<\/strong><\/li>\n<li><strong>258 motifs<\/strong>\u00a0de broderie et\u00a0<strong>13 styles de polices<\/strong>\u00a0de caract\u00e8res int\u00e9gr\u00e9es<\/li>\n<li>Syst\u00e8me d\u2019enfilage de l\u2019aiguille extra-avanc\u00e9<\/li>\n<li>R\u00e9glage automatique de la hauteur du pied de biche<\/li>\n<li>Coupe-fil de point saut\u00e9 automatique<\/li>\n<li>Tri des couleurs<\/li>\n<li>Pointeur\u00a0<strong>lumineux LED<\/strong><\/li>\n<li>Connectivit\u00e9 sans<strong>\u00a0fil WLAN<\/strong><\/li>\n<li>Syst\u00e8me d&rsquo;enfilage de l&rsquo;aiguille : Suivez les guides et appuyez sur le levier. C\u2019est tout !<\/li>\n<li>Mise en place rapide de la canette horizontale<\/li>\n<li>Capteurs des fils sup\u00e9rieur et inf\u00e9rieur<\/li>\n<li>Vitesse de\u00a0<strong>850 points<\/strong>\u00a0par minutes<\/li>\n<li><strong>140 motifs<\/strong>\u00a0d&rsquo;encadrement int\u00e9gr\u00e9s : Encadrez vos monogrammes et autres motifs de broderie.<\/li>\n<li>Fonction monogramme<\/li>\n<li>Poids de la machine: 9kg<\/li>\n<\/ul>\n","protected":false},"excerpt":{"rendered":"<p>La\u00a0<strong>Brother Innovis 870SE devient la Brother Innovis 880E<\/strong>\u00a0pour toujours plus d&rsquo;innovation !<\/p>\n<p>La machine \u00e0 broder Brother Innov-is 880E est l&rsquo;une des machines les plus intuitives du march\u00e9.<\/p>\n<p>Id\u00e9ale pour passer au niveau sup\u00e9rieur en broderie, la machine \u00e0 broder Innov-is NV880E est dot\u00e9e d\u2019une multitude de fonctions conviviales :<\/p>\n","protected":false},"featured_media":139,"template":"","meta":{"site-sidebar-layout":"default","site-content-layout":"","ast-site-content-layout":"default","site-content-style":"default","site-sidebar-style":"default","ast-global-header-display":"","ast-banner-title-visibility":"","ast-main-header-display":"","ast-hfb-above-header-display":"","ast-hfb-below-header-display":"","ast-hfb-mobile-header-display":"","site-post-title":"","ast-breadcrumbs-content":"","ast-featured-img":"","footer-sml-layout":"","ast-disable-related-posts":"","theme-transparent-header-meta":"default","adv-header-id-meta":"","stick-header-meta":"","header-above-stick-meta":"","header-main-stick-meta":"","header-below-stick-meta":"","astra-migrate-meta-layouts":"set","ast-page-background-enabled":"default","ast-page-background-meta":{"desktop":{"background-color":"var(--ast-global-color-5)","background-image":"","background-repeat":"repeat","background-position":"center center","background-size":"auto","background-attachment":"scroll","background-type":"","background-media":"","overlay-type":"","overlay-color":"","overlay-opacity":"","overlay-gradient":""},"tablet":{"background-color":"","background-image":"","background-repeat":"repeat","background-position":"center center","background-size":"auto","background-attachment":"scroll","background-type":"","background-media":"","overlay-type":"","overlay-color":"","overlay-opacity":"","overlay-gradient":""},"mobile":{"background-color":"","background-image":"","background-repeat":"repeat","background-position":"center center","background-size":"auto","background-attachment":"scroll","background-type":"","background-media":"","overlay-type":"","overlay-color":"","overlay-opacity":"","overlay-gradient":""}},"ast-content-background-meta":{"desktop":{"background-color":"var(--ast-global-color-4)","background-image":"","background-repeat":"repeat","background-position":"center center","background-size":"auto","background-attachment":"scroll","background-type":"","background-media":"","overlay-type":"","overlay-color":"","overlay-opacity":"","overlay-gradient":""},"tablet":{"background-color":"var(--ast-global-color-4)","background-image":"","background-repeat":"repeat","background-position":"center center","background-size":"auto","background-attachment":"scroll","background-type":"","background-media":"","overlay-type":"","overlay-color":"","overlay-opacity":"","overlay-gradient":""},"mobile":{"background-color":"var(--ast-global-color-4)","background-image":"","background-repeat":"repeat","background-position":"center center","background-size":"auto","background-attachment":"scroll","background-type":"","background-media":"","overlay-type":"","overlay-color":"","overlay-opacity":"","overlay-gradient":""}}},"product_brand":[19],"product_cat":[22],"product_tag":[],"class_list":{"0":"post-136","1":"product","2":"type-product","3":"status-publish","4":"has-post-thumbnail","6":"product_brand-brother","7":"product_cat-brodeuse","8":"product_shipping_class-livraison-a-domicile-offert","9":"desktop-align-left","10":"tablet-align-left","11":"mobile-align-left","13":"first","14":"instock","15":"sale","16":"shipping-taxable","17":"purchasable","18":"product-type-variable"},"jetpack_sharing_enabled":true,"_links":{"self":[{"href":"https:\/\/clinique-de-la-machine-a-coudre.fr\/index.php\/wp-json\/wp\/v2\/product\/136","targetHints":{"allow":["GET"]}}],"collection":[{"href":"https:\/\/clinique-de-la-machine-a-coudre.fr\/index.php\/wp-json\/wp\/v2\/product"}],"about":[{"href":"https:\/\/clinique-de-la-machine-a-coudre.fr\/index.php\/wp-json\/wp\/v2\/types\/product"}],"wp:featuredmedia":[{"embeddable":true,"href":"https:\/\/clinique-de-la-machine-a-coudre.fr\/index.php\/wp-json\/wp\/v2\/media\/139"}],"wp:attachment":[{"href":"https:\/\/clinique-de-la-machine-a-coudre.fr\/index.php\/wp-json\/wp\/v2\/media?parent=136"}],"wp:term":[{"taxonomy":"product_brand","embeddable":true,"href":"https:\/\/clinique-de-la-machine-a-coudre.fr\/index.php\/wp-json\/wp\/v2\/product_brand?post=136"},{"taxonomy":"product_cat","embeddable":true,"href":"https:\/\/clinique-de-la-machine-a-coudre.fr\/index.php\/wp-json\/wp\/v2\/product_cat?post=136"},{"taxonomy":"product_tag","embeddable":true,"href":"https:\/\/clinique-de-la-machine-a-coudre.fr\/index.php\/wp-json\/wp\/v2\/product_tag?post=136"}],"curies":[{"name":"wp","href":"https:\/\/api.w.org\/{rel}","templated":true}]}}