{"id":124,"date":"2025-12-13T16:46:05","date_gmt":"2025-12-13T16:46:05","guid":{"rendered":"https:\/\/clinique-de-la-machine-a-coudre.fr\/?post_type=product&#038;p=124"},"modified":"2025-12-13T17:49:15","modified_gmt":"2025-12-13T17:49:15","slug":"brother-innov-is-f410","status":"publish","type":"product","link":"https:\/\/clinique-de-la-machine-a-coudre.fr\/index.php\/produit\/brother-innov-is-f410\/","title":{"rendered":"Brother Innov-is F410"},"content":{"rendered":"<p>La machine \u00e0 coudre BROTHER Innov-is F410 est simple, sans faire de compromis sur la qualit\u00e9. Cette machine \u00e0 coudre Brother b\u00e9n\u00e9ficie d&rsquo;un syst\u00e8me d&rsquo;enfilage perfectionn\u00e9, d&rsquo;un \u00e9cran LCD et d&rsquo;un variateur de vitesse. Elle est parfaite pour la couture au quotidien, les v\u00eatements et le quilting. Notice en fran\u00e7ais.<\/p>\n<p>Le syst\u00e8me d&rsquo;entrainement du tissu d\u00e9velopp\u00e9 sur cette machine \u00e0 coudre apporte une technologie qui permet d&rsquo;entrainer plus facilement les tissus difficiles \u00e0 coudre. Ce syst\u00e8me s&rsquo;appelle SFDS. Avec son \u00e9cran d&rsquo;information et son pav\u00e9 tactile cette machine \u00e0 coudre Brother Innovis-F410 donnera pleinement satisfaction aux couturi\u00e8res r\u00e9guli\u00e8res qui recherchent un confort de couture.<\/p>\n<p>&nbsp;<\/p>\n<p>Caract\u00e9ristiques :<\/p>\n<ul class=\"tick-list\">\n<li>LCD monochrome 6,9cm<\/li>\n<li>100 fonctions de couture<\/li>\n<li>7 styles de boutonni\u00e8re<\/li>\n<li>4 alphabets<\/li>\n<li>Coupe fil automatique<\/li>\n<li>Point inverse\/point de renfort<\/li>\n<li>Mise en place rapide de la canette<\/li>\n<li>Remplissage de la canette rapide<\/li>\n<li>Syst\u00e8me perfectionn\u00e9 d&rsquo;enfilage de l&rsquo;aiguille<\/li>\n<li>Touche coupe-fil automatique<\/li>\n<li>Touche point d&rsquo;arr\u00eat<\/li>\n<li>Variateur de vitesse<\/li>\n<li>Syst\u00e8me SFDS (Square feed Drive System)<\/li>\n<li>R\u00e9glage de la pression du pied de biche<\/li>\n<li>Tableau de r\u00e9f\u00e9rence des points<\/li>\n<li>Combinaisons de points et fonction m\u00e9moire (70 emplacements)<\/li>\n<li>R\u00e9glage de la tension du fil<\/li>\n<li>Dimensions : 58.20 x 35.90 x 45.40 cm<\/li>\n<li>Poids : 11.779 Kg<\/li>\n<\/ul>\n","protected":false},"excerpt":{"rendered":"<p>La machine \u00e0 coudre BROTHER Innov-is F410 est simple, sans faire de compromis sur la qualit\u00e9. Cette machine \u00e0 coudre Brother b\u00e9n\u00e9ficie d&rsquo;un syst\u00e8me d&rsquo;enfilage perfectionn\u00e9, d&rsquo;un \u00e9cran LCD et d&rsquo;un variateur de vitesse. Elle est parfaite pour la couture au quotidien, les v\u00eatements et le quilting. Notice en fran\u00e7ais.<\/p>\n","protected":false},"featured_media":127,"template":"","meta":{"site-sidebar-layout":"default","site-content-layout":"","ast-site-content-layout":"default","site-content-style":"default","site-sidebar-style":"default","ast-global-header-display":"","ast-banner-title-visibility":"","ast-main-header-display":"","ast-hfb-above-header-display":"","ast-hfb-below-header-display":"","ast-hfb-mobile-header-display":"","site-post-title":"","ast-breadcrumbs-content":"","ast-featured-img":"","footer-sml-layout":"","ast-disable-related-posts":"","theme-transparent-header-meta":"default","adv-header-id-meta":"","stick-header-meta":"","header-above-stick-meta":"","header-main-stick-meta":"","header-below-stick-meta":"","astra-migrate-meta-layouts":"set","ast-page-background-enabled":"default","ast-page-background-meta":{"desktop":{"background-color":"var(--ast-global-color-5)","background-image":"","background-repeat":"repeat","background-position":"center center","background-size":"auto","background-attachment":"scroll","background-type":"","background-media":"","overlay-type":"","overlay-color":"","overlay-opacity":"","overlay-gradient":""},"tablet":{"background-color":"","background-image":"","background-repeat":"repeat","background-position":"center center","background-size":"auto","background-attachment":"scroll","background-type":"","background-media":"","overlay-type":"","overlay-color":"","overlay-opacity":"","overlay-gradient":""},"mobile":{"background-color":"","background-image":"","background-repeat":"repeat","background-position":"center center","background-size":"auto","background-attachment":"scroll","background-type":"","background-media":"","overlay-type":"","overlay-color":"","overlay-opacity":"","overlay-gradient":""}},"ast-content-background-meta":{"desktop":{"background-color":"var(--ast-global-color-4)","background-image":"","background-repeat":"repeat","background-position":"center center","background-size":"auto","background-attachment":"scroll","background-type":"","background-media":"","overlay-type":"","overlay-color":"","overlay-opacity":"","overlay-gradient":""},"tablet":{"background-color":"var(--ast-global-color-4)","background-image":"","background-repeat":"repeat","background-position":"center center","background-size":"auto","background-attachment":"scroll","background-type":"","background-media":"","overlay-type":"","overlay-color":"","overlay-opacity":"","overlay-gradient":""},"mobile":{"background-color":"var(--ast-global-color-4)","background-image":"","background-repeat":"repeat","background-position":"center center","background-size":"auto","background-attachment":"scroll","background-type":"","background-media":"","overlay-type":"","overlay-color":"","overlay-opacity":"","overlay-gradient":""}}},"product_brand":[19],"product_cat":[23],"product_tag":[],"class_list":{"0":"post-124","1":"product","2":"type-product","3":"status-publish","4":"has-post-thumbnail","6":"product_brand-brother","7":"product_cat-machine-a-coudre","8":"product_shipping_class-livraison-a-domicile-offert","9":"desktop-align-left","10":"tablet-align-left","11":"mobile-align-left","13":"first","14":"instock","15":"sale","16":"shipping-taxable","17":"purchasable","18":"product-type-variable"},"jetpack_sharing_enabled":true,"_links":{"self":[{"href":"https:\/\/clinique-de-la-machine-a-coudre.fr\/index.php\/wp-json\/wp\/v2\/product\/124","targetHints":{"allow":["GET"]}}],"collection":[{"href":"https:\/\/clinique-de-la-machine-a-coudre.fr\/index.php\/wp-json\/wp\/v2\/product"}],"about":[{"href":"https:\/\/clinique-de-la-machine-a-coudre.fr\/index.php\/wp-json\/wp\/v2\/types\/product"}],"wp:featuredmedia":[{"embeddable":true,"href":"https:\/\/clinique-de-la-machine-a-coudre.fr\/index.php\/wp-json\/wp\/v2\/media\/127"}],"wp:attachment":[{"href":"https:\/\/clinique-de-la-machine-a-coudre.fr\/index.php\/wp-json\/wp\/v2\/media?parent=124"}],"wp:term":[{"taxonomy":"product_brand","embeddable":true,"href":"https:\/\/clinique-de-la-machine-a-coudre.fr\/index.php\/wp-json\/wp\/v2\/product_brand?post=124"},{"taxonomy":"product_cat","embeddable":true,"href":"https:\/\/clinique-de-la-machine-a-coudre.fr\/index.php\/wp-json\/wp\/v2\/product_cat?post=124"},{"taxonomy":"product_tag","embeddable":true,"href":"https:\/\/clinique-de-la-machine-a-coudre.fr\/index.php\/wp-json\/wp\/v2\/product_tag?post=124"}],"curies":[{"name":"wp","href":"https:\/\/api.w.org\/{rel}","templated":true}]}}