{"id":114,"date":"2025-12-13T16:35:59","date_gmt":"2025-12-13T16:35:59","guid":{"rendered":"http:\/\/clinique-de-la-machine-a-coudre.fr\/?post_type=product&#038;p=114"},"modified":"2025-12-13T17:48:42","modified_gmt":"2025-12-13T17:48:42","slug":"brother-innov-is-a65","status":"publish","type":"product","link":"https:\/\/clinique-de-la-machine-a-coudre.fr\/index.php\/produit\/brother-innov-is-a65\/","title":{"rendered":"Brother Innov-is A65"},"content":{"rendered":"<p>D\u00e9couvrez l&rsquo;Innov-is A65,\u00a0<strong>une machine \u00e0 coudre \u00e9lectronique performante et fiable<\/strong>\u00a0qui vous offre une flexibilit\u00e9 cr\u00e9ative totale. Que vous soyez passionn\u00e9(e) par la cr\u00e9ation de v\u00eatements, la d\u00e9coration d&rsquo;int\u00e9rieur ou que vous souhaitiez am\u00e9liorer vos comp\u00e9tences en couture, cette machine \u00e0 coudre est faite pour vous !<\/p>\n<p>Avec ses 60 points de couture utilitaires et d\u00e9coratifs, dont 6 styles de boutonni\u00e8re en une \u00e9tape, elle est la\u00a0<strong>premi\u00e8re machine \u00e0 coudre familiale dot\u00e9e d&rsquo;un coupe fil automatique<\/strong>. Les fonctionnalit\u00e9s telles que le<strong>\u00a0<\/strong>syst\u00e8me d&rsquo;<strong>enfile-aiguille<\/strong>\u00a0avanc\u00e9 en une seule action, la touche\u00a0<strong>point de renfort<\/strong>, la mise en place rapide de la canette, la touche\u00a0<strong>Marche\/Arr\u00eat<\/strong>\u00a0et le\u00a0<strong>variateur de vitesse<\/strong>\u00a0rendent l&rsquo;utilisation de l&rsquo;Innov-is A65 simple et agr\u00e9able. Les touches des fonctions utiles sont judicieusement situ\u00e9es sur le panneau central, vous permettant ainsi de garder le contr\u00f4le en permanence.<\/p>\n<h3>Une machine \u00e0 coudre \u00e0 emmener partout<\/h3>\n<p>Cette machine \u00e0 coudre est non seulement \u00e9l\u00e9gante et compacte, mais elle est \u00e9galement robuste et l\u00e9g\u00e8re, ce qui en fait un choix id\u00e9al pour \u00eatre transport\u00e9e partout o\u00f9 vous allez. De plus, son capot de protection rigide vous offre une protection pratique lors de vos d\u00e9placements. Vous pourrez ainsi partager votre amour pour la couture avec vos amis, lors de cours ou dans des ateliers de couture.<\/p>\n<p>L&rsquo;Innov-is A65 est bien plus qu&rsquo;une simple machine \u00e0 coudre, c&rsquo;est un outil qui vous permettra d&rsquo;exprimer votre cr\u00e9ativit\u00e9.<\/p>\n<p>&nbsp;<\/p>\n<p>Caract\u00e9ristiques :<\/p>\n<ul class=\"tick-list\">\n<li>60 points utilitaires &amp; d\u00e9coratifs, dont 6 styles de boutonni\u00e8re en 1 seule \u00e9tape<\/li>\n<li><strong>Touche coupe-fil automatique<\/strong><\/li>\n<li>Syst\u00e8me d\u2019enfile-aiguille avanc\u00e9<\/li>\n<li>Touche point de renfort<\/li>\n<li>Mise en place rapide de la canette horizontale<\/li>\n<li>Position d&rsquo;arr\u00eat de l&rsquo;aiguille (haut\/bas)<\/li>\n<li>R\u00e9glage de la longueur et de la largeur des points<\/li>\n<li>Touche Marche\/Arr\u00eat<\/li>\n<li>Variateur de vitesse de couture<\/li>\n<li>Mode aiguille jumel\u00e9e<\/li>\n<li>Capot de protection rigide<\/li>\n<\/ul>\n","protected":false},"excerpt":{"rendered":"<p>D\u00e9couvrez l&rsquo;Innov-is A65,\u00a0<strong>une machine \u00e0 coudre \u00e9lectronique performante et fiable<\/strong>\u00a0qui vous offre une flexibilit\u00e9 cr\u00e9ative totale. Que vous soyez passionn\u00e9(e) par la cr\u00e9ation de v\u00eatements, la d\u00e9coration d&rsquo;int\u00e9rieur ou que vous souhaitiez am\u00e9liorer vos comp\u00e9tences en couture, cette machine \u00e0 coudre est faite pour vous !<\/p>\n","protected":false},"featured_media":119,"template":"","meta":{"site-sidebar-layout":"default","site-content-layout":"","ast-site-content-layout":"default","site-content-style":"default","site-sidebar-style":"default","ast-global-header-display":"","ast-banner-title-visibility":"","ast-main-header-display":"","ast-hfb-above-header-display":"","ast-hfb-below-header-display":"","ast-hfb-mobile-header-display":"","site-post-title":"","ast-breadcrumbs-content":"","ast-featured-img":"","footer-sml-layout":"","ast-disable-related-posts":"","theme-transparent-header-meta":"default","adv-header-id-meta":"","stick-header-meta":"","header-above-stick-meta":"","header-main-stick-meta":"","header-below-stick-meta":"","astra-migrate-meta-layouts":"set","ast-page-background-enabled":"default","ast-page-background-meta":{"desktop":{"background-color":"var(--ast-global-color-5)","background-image":"","background-repeat":"repeat","background-position":"center center","background-size":"auto","background-attachment":"scroll","background-type":"","background-media":"","overlay-type":"","overlay-color":"","overlay-opacity":"","overlay-gradient":""},"tablet":{"background-color":"","background-image":"","background-repeat":"repeat","background-position":"center center","background-size":"auto","background-attachment":"scroll","background-type":"","background-media":"","overlay-type":"","overlay-color":"","overlay-opacity":"","overlay-gradient":""},"mobile":{"background-color":"","background-image":"","background-repeat":"repeat","background-position":"center center","background-size":"auto","background-attachment":"scroll","background-type":"","background-media":"","overlay-type":"","overlay-color":"","overlay-opacity":"","overlay-gradient":""}},"ast-content-background-meta":{"desktop":{"background-color":"var(--ast-global-color-4)","background-image":"","background-repeat":"repeat","background-position":"center center","background-size":"auto","background-attachment":"scroll","background-type":"","background-media":"","overlay-type":"","overlay-color":"","overlay-opacity":"","overlay-gradient":""},"tablet":{"background-color":"var(--ast-global-color-4)","background-image":"","background-repeat":"repeat","background-position":"center center","background-size":"auto","background-attachment":"scroll","background-type":"","background-media":"","overlay-type":"","overlay-color":"","overlay-opacity":"","overlay-gradient":""},"mobile":{"background-color":"var(--ast-global-color-4)","background-image":"","background-repeat":"repeat","background-position":"center center","background-size":"auto","background-attachment":"scroll","background-type":"","background-media":"","overlay-type":"","overlay-color":"","overlay-opacity":"","overlay-gradient":""}}},"product_brand":[19],"product_cat":[23],"product_tag":[],"class_list":{"0":"post-114","1":"product","2":"type-product","3":"status-publish","4":"has-post-thumbnail","6":"product_brand-brother","7":"product_cat-machine-a-coudre","8":"product_shipping_class-livraison-a-domicile","9":"desktop-align-left","10":"tablet-align-left","11":"mobile-align-left","13":"first","14":"instock","15":"sale","16":"shipping-taxable","17":"purchasable","18":"product-type-variable"},"jetpack_sharing_enabled":true,"_links":{"self":[{"href":"https:\/\/clinique-de-la-machine-a-coudre.fr\/index.php\/wp-json\/wp\/v2\/product\/114","targetHints":{"allow":["GET"]}}],"collection":[{"href":"https:\/\/clinique-de-la-machine-a-coudre.fr\/index.php\/wp-json\/wp\/v2\/product"}],"about":[{"href":"https:\/\/clinique-de-la-machine-a-coudre.fr\/index.php\/wp-json\/wp\/v2\/types\/product"}],"wp:featuredmedia":[{"embeddable":true,"href":"https:\/\/clinique-de-la-machine-a-coudre.fr\/index.php\/wp-json\/wp\/v2\/media\/119"}],"wp:attachment":[{"href":"https:\/\/clinique-de-la-machine-a-coudre.fr\/index.php\/wp-json\/wp\/v2\/media?parent=114"}],"wp:term":[{"taxonomy":"product_brand","embeddable":true,"href":"https:\/\/clinique-de-la-machine-a-coudre.fr\/index.php\/wp-json\/wp\/v2\/product_brand?post=114"},{"taxonomy":"product_cat","embeddable":true,"href":"https:\/\/clinique-de-la-machine-a-coudre.fr\/index.php\/wp-json\/wp\/v2\/product_cat?post=114"},{"taxonomy":"product_tag","embeddable":true,"href":"https:\/\/clinique-de-la-machine-a-coudre.fr\/index.php\/wp-json\/wp\/v2\/product_tag?post=114"}],"curies":[{"name":"wp","href":"https:\/\/api.w.org\/{rel}","templated":true}]}}